*2 + 10*m - 5. Let o(s) = -5*s + 24. Let w be o(4). Let k be i(w). Give l(k).
2
Let f(d) = -7*d + 3. Let x(h) = 8*h - 4. Let v(i) = -7*f(i) - 6*x(i). Let b be (-4)/(2 + -1) + -1. Determine v(b).
-2
Let s(g) be the first derivative of -g**5/60 + g**4/12 + g**3/6 - 23*g**2/2 - 10. Let o(a) be the second derivative of s(a). What is o(4)?
-7
Suppose -3*w + 4*w - 3*v = -4, -4*v + 53 = 3*w. Let x(p) = -p**2 + 10*p + 14. Determine x(w).
3
Suppose 44*n - 42 = 65*n. Let l(r) = 0*r**2 + 4*r - 2*r**2 - 6*r. Determine l(n).
-4
Let x(q) = -q**3 - 11*q**2 - q - 10. Let r be x(-11). Let j(m) = -m**2 - 2*m + 1. Determine j(r).
-2
Let p be 18 - -2 - (-15)/5. Let z = 28 - p. Let j(i) be the second derivative of i**4/12 - 5*i**3/6 - i**2/2 + i. What is j(z)?
-1
Let x(g) = 3*g**2 + 2*g**2 - 3*g**2 + 3*g**2. Let a(r) = 11*r**2 - r - 1. Let y(b) = -6*a(b) + 13*x(b). Calculate y(6).
6
Suppose -5*v + 17 = -4*t, 21*v - 18*v + 12 = -5*t. Let l(i) = i**3 + 5*i**2 + 6*i - 2. Calculate l(t).
-2
Suppose 4*y + 2*l + 9 = 33, 4*y = -l + 22. Suppose -y*u = -9*u - 2*h + 6, -2*h = 5*u - 6. Suppose -13*d + 11*d + 4 = u. Let v(g) = 2*g. Give v(d).
4
Let z(d) = d**3 + 6*d**2 + d + 7. Let r be z(-6). Let y(a) = -11*a**2 + 18*a - 10. Let v(g) = -g**2 - 2*g + 1. Let i(s) = -9*v(s) - y(s). Give i(r).
21
Let g(a) be the second derivative of a**3/3 + 3*a**2 + 3*a. Let q(o) = -3*o - 7. Let z be ((-8)/3)/(14/(-21)). Let u(m) = z*g(m) + 3*q(m). What is u(0)?
3
Let r = 412 + -425. Let b(u) = -u**3 - 14*u**2 - 14*u + 2. Give b(r).
15
Let u(t) be the third derivative of -5*t**4/24 + 7*t**3/3 + 383*t**2. What is u(6)?
-16
Suppose 2*z = -5*s + z + 19, 3*z = -2*s + 5. Suppose 0 = 8*u - s*u - 8, -2 = -3*g - u. Let o(n) = n - 6. Give o(g).
-6
Let q(k) = k**2 - 6*k + 1. Let o be q(6). Let m(r) = -r**3 + 167*r - o - 161*r - 5*r**2 + 8. What is m(-6)?
7
Suppose 3*f - 6*f + 12 = 0. Let y(u) be the first derivative of -4 - 5/2*u**2 + 1/3*u**3 + u. Give y(f).
-3
Let l(r) = 3*r - 10. Let s(o) = -3*o + 10. Let u(x) = -5*l(x) - 4*s(x). Let t = 17 + -10. Give u(t).
-11
Suppose -5*k - 13 + 3 = 0. Let d(b) be the third derivative of -b**4/24 + b**3/6 + 61*b**2 - 2. What is d(k)?
3
Suppose 3*j + 63 + 37 = 4*s, 72 = 4*s + 4*j. Let y = -24 + s. Let d(r) = 4*r**2 - r + 1. Let v(k) = -3*k**2 - 1. Let g(b) = -2*d(b) - 3*v(b). What is g(y)?
1
Let l(m) = -4*m - m - 6*m**2 - m**3 + 1 + 0*m. Let r(t) = -t**3 - 8*t**2. Let x be r(-8). Suppose x*y = -4*y - 20. Give l(y).
1
Let f(g) = 4*g**3 - 6 - g**3 - 2*g + 4*g**2 + 2*g**2 - 4*g**3. Calculate f(5).
9
Let n(b) = -2*b - 3. Let o(d) be the first derivative of 4*d + 3/2*d**2 - 1/3*d**3 + 11. Let z be o(-2). Calculate n(z).
9
Let h(k) be the third derivative of k**6/40 + k**5/30 + k**4/12 + k**3/6 + 123*k**2. Calculate h(-1).
-2
Let n(l) be the second derivative of -1/6*l**3 - 44*l + 0 + 4*l**2. Let h = -4 + 9. Give n(h).
3
Let i(y) = -4*y**2 + 2*y - 6. Let v(o) = 3*o + 11. Let j be v(-4). Let b(z) = -1. Let n(a) = j*i(a) + 6*b(a). What is n(2)?
12
Let i = 11 + -15. Let f(b) be the second derivative of b**3/2 + 3*b**2 - 137*b. Determine f(i).
-6
Suppose -7 = -4*y - 3*a, 0*y + 2*a = 2*y. Let x = -1 - y. Let c(g) be the second derivative of g**3/3 + g**2 - 387*g. What is c(x)?
-2
Let d(s) be the first derivative of -s**3/3 - 4*s**2 - 6*s + 237. Calculate d(-6).
6
Suppose -41 = -3*p - 5. Suppose 10 = 7*g - p*g. Let l(x) be the second derivative of -x**4/12 - x**3/3 - 3*x**2/2 - x. Calculate l(g).
-3
Suppose 0*p + 3*p + 45 = 3*s, 0 = 2*s - 5*p - 39. Suppose 7*b = s*b - 110. Let l = b - 24. Let v(t) = 2*t. Give v(l).
-4
Let g(q) = -2*q**2 + q**3 - 72*q + 16 + 7*q**2 - 22 + 75*q. What is g(-5)?
-21
Let l be 33 - -4*(36/8 - 4). Suppose l = -6*q + q. Let r(g) = -g**3 - 7*g**2 + 4. Determine r(q).
4
Let o(l) = 33*l + 19. Let j(r) = 12*r + 8. Let d(k) = -8*j(k) + 3*o(k). Determine d(3).
2
Let o(r) = 0*r**2 + 3*r**2 - 1 + 11*r - 5*r - 2*r**2. Suppose -5*b + 3*j - 6 = 0, 5*b = -4*j - 13 - 14. Give o(b).
-10
Let v(p) = -3*p + 16. Suppose -76*w - 45 = -85*w. What is v(w)?
1
Let l(z) be the second derivative of z**5/20 + z**4/3 + 2*z**3/3 - z**2/2 + 2*z + 10. Give l(-3).
-4
Let p(a) = -a**2 + a + 26*a**2 + 4*a**2 + 3*a - 5*a. Calculate p(-1).
30
Let u(b) = -19*b**2 - 1 + 0 + 0*b + 15*b - 19*b + 2*b. Calculate u(-1).
-18
Let f(r) be the first derivative of 5/2*r**2 - 7/3*r**3 - 14 + 1/4*r**4 + 5*r. What is f(6)?
-1
Let p(g) = 4*g + 13. Let u = -446 - -442. What is p(u)?
-3
Let y(a) = 2*a - 7. Let p(i) = 2*i - 10. Let t be p(3). Let q(b) = -b**2 + 2*b + 31. Let o be q(t). Calculate y(o).
7
Suppose -n = -4*n - 36. Let v = n - -12. Let p = v + 0. Let u(r) = r - 9. Calculate u(p).
-9
Let t(o) = o**3 - 7*o**2 - 10*o + 6. Let v(q) = -14*q + 36. Let n be v(2). Give t(n).
-10
Let a(x) = -x**2 + 7*x - 3. Let n(i) = i**2 + 8*i - 34. Let p be n(-11). Let l(m) = -4*m**3 + m**2 - 2*m - 1. Let u be l(p). What is a(u)?
3
Let y(j) be the first derivative of -2*j**2 + 3*j + 11. Let x(m) = 6*m - 5. Let c(k) = 5*x(k) + 8*y(k). Determine c(-4).
7
Let t(n) be the third derivative of -5/6*n**3 - 1/6*n**4 + 0*n + 3*n**2 + 0. Let x = 7 + -11. Give t(x).
11
Let s(n) be the third derivative of n**4/24 - 11*n**3/6 + n**2. Suppose 7*m - 6*m = 15. Let r be s(m). Let u(a) = -a + 2. Give u(r).
-2
Suppose 3*z + 0 = 9. Let n(y) = 4*y**z - y + 3*y**3 - 3*y**3 - 2*y**2. Suppose -108*v - 7 = -101*v. Calculate n(v).
-5
Let f be 42/28*12/9. Let x(p) = 5*p**2 + p - 2. Give x(f).
20
Let t(n) be the third derivative of -1/12*n**4 + 0*n + 1/15*n**5 - 1/120*n**6 + 0 + n**3 + 14*n**2. Give t(4).
-2
Let w be 6/2*(-6)/18. Suppose 5*x = 5*m + 15, -5*m - 3 = -3*x + x. Let g(b) = -2 + x*b + 3 + 4 - 6. Calculate g(w).
-5
Suppose 5*h + 1 = -3*p - 8, 5*p + 15 = 0. Let v(k) = 4*k - 12*k + 7*k - 2. Calculate v(h).
-2
Suppose 42 = -9*q + 150. Let p(s) = -7*s + 2 - s + 2*s + q*s. Let v(x) = -x**3 + 3*x**2 - x + 1. Let b be v(3). Determine p(b).
-10
Let j(b) = -5*b**2 - 20*b + 8. Let t(z) = -4*z**2 - 19*z + 7. Let l(o) = 5*j(o) - 6*t(o). Determine l(14).
-2
Suppose 0 = 2*a + 8, 0 = 4*k - a - 9 + 1. Let o(h) = -3*h + h + 10*h - 2*h. What is o(k)?
6
Let u(a) = -7*a**3 + 2*a**2 - a - 3. Let b be u(-1). Let n(y) = 3*y - 8. Determine n(b).
13
Suppose -y = 0, -2*u + 7*y - 2*y + 148 = 0. Let p(s) = -40*s + 5*s**2 - s**3 - 33*s - 4 + u*s - 2. Give p(5).
-1
Let o(b) = -b**2 + 5*b + 6. Let f be o(5). Let x be ((-3)/f)/((-3)/(-24)). Let p(r) = r**3 + 5*r**2 + 7*r + 5. What is p(x)?
-7
Let y(w) = w**3 + 5*w**2 + 4. Let b be y(-5). Suppose -b*s = 32 - 8. Let j be (s - -9) + 0/(-2). Let t(g) = -g**3 + 2*g**2 + 3*g - 3. Give t(j).
-3
Let y = -49 - -35. Let p be ((-8)/(-14))/((-4)/y). Let g(k) = 0 - 3*k**p + 0 + 5 - 3*k + 2*k**2. Give g(-5).
-5
Let v(n) be the first derivative of n**4/4 - 7*n**3/3 - n**2 - 15*n - 98. Calculate v(7).
-29
Let t(r) = r**3 + 28*r**2 + 23*r - 112. Let i be t(-27). Let w(c) = -3*c - 8. Determine w(i).
4
Let c(a) = 8*a**2 + 7*a + 3. Let i(d) = 7*d**2 + 6*d + 2. Let k(g) = 4*c(g) - 3*i(g). Let w(v) = 4*v**2 + 3*v + 2. Let o(h) = -3*k(h) + 8*w(h). Calculate o(-5).
3
Suppose -79 = -2*f + 75. Let k(t) = -t + t**2 - 77 + f. Give k(0).
0
Let r(s) = 2*s + 9. Let f(d) be the first derivative of d**3/6 - 13*d**2/2 - d + 7. Let v(n) be the first derivative of f(n). Let j be v(7). Determine r(j).
-3
Let s(f) = f**2 - f - 21. Let m = 242 - 242. What is s(m)?
-21
Let a = 5 - 9. Suppose -5*f - 2*t + 21 = 0, 0*f = 4*f - 5*t + 3. Let g(i) = 2*i - 5 + f + 2*i - 5*i. Calculate g(a).
2
Let t(c) = 4*c + 3. Let h be (-3 - -5)/(-1 + 5)*-10. Calculate t(h).
-17
Let k(q) be the second derivative of 0 - 8*q - 3/2*q**2 + 4/3*q**3 + 1/12*q**4. Give k(-6).
-15
Suppose -2*m = 2*t + 2*t - 36, 63 = 5*t - 2*m. Suppose -t*h = -7*h - 4. Let v(n) = -4*n**3 - n**2 + n. Calculate v(h).
-4
Let a = 179 - 176. Let g(x) = x**2 + 3*x + 1. Let b(v) = -v**2 - 3*v - 1. Let f(m) = a*g(m) + 2*b(m). What is f(-5)?
11
Let u(n) be the first derivative of -n**4/4 + 10*n**3/3 - 9*n**2/2 - 10*n - 200. Calculate u(9).
-10
Let n(k) = k**3 + k**2 - 2*k + 3. Let c be (-13 + 530/40)*-8. Give n(c).
3
Let z = -5 - -7. Let f(g) = 2*g + g**2 - 2 - z*g. Let x(b) = -146*b + 2922. Let y be x(20). What is f(y)?
2
Let z(b) = 53*b - 45*b - 22 - 2*b**2 + 21. Calculate z(4).
-1
Let b(s) = 33*s - 274